{"id":52,"date":"2024-09-30T21:34:27","date_gmt":"2024-09-30T19:34:27","guid":{"rendered":"https:\/\/swissbakerytrophy.ch\/s\/?page_id=52"},"modified":"2026-03-05T17:10:25","modified_gmt":"2026-03-05T16:10:25","slug":"swiss-bakery-trohphy-2024","status":"publish","type":"page","link":"https:\/\/swissbakerytrophy.ch\/s\/","title":{"rendered":"L&rsquo;\u00e9v\u00e9nement national de la boulangerie-p\u00e2tisserie-confiserie artisanale"},"content":{"rendered":"\n<h1 class=\"wp-block-heading\">Les meilleurs artisans boulangers-p\u00e2tissiers-confiseurs suisses r\u00e9compens\u00e9s<\/h1>\n\n\n\n<p>La 10\u00e8me \u00e9dition du Swiss Bakery Trophy s&rsquo;est d\u00e9roul\u00e9e du 30 octobre au 3 novembre 2024 \u00e0 Espace Gruy\u00e8re, \u00e0 Bulle (FR). Ce concours national r\u00e9compense la cr\u00e9ativit\u00e9, l\u2019originalit\u00e9 et le savoir-faire de l\u2019artisan. Pour un boulanger-p\u00e2tissier-confiseur, une m\u00e9daille au Swiss Bakery Trophy est la plus haute distinction qu\u2019il est possible d\u2019obtenir dans la branche.<\/p>\n\n\n\n<p>Pr\u00e8s de 1400 produits on \u00e9t\u00e9 \u00e9valu\u00e9s durant quatre jours par 180 professionnels et 120 consommateurs. Ce concours national des boulangers-p\u00e2tissiers-confiseurs s&rsquo;est d\u00e9roul\u00e9 en public, dans le cadre du Salon Suisse des Go\u00fbts et Terroirs. Il vise \u00e0 mettre en lumi\u00e8re la richesse et la qualit\u00e9 du savoir-faire des artisans de la branche, ainsi qu\u2019\u00e0 montrer le m\u00e9tier et ses produits aupr\u00e8s des consommateurs. Face \u00e0 une concurrence toujours plus forte, cette manifestation est une plateforme marketing incontournable qui permet aux artisans de se d\u00e9marquer clairement des grandes surfaces et des discounters.<\/p>\n\n\n\n<p><a href=\"https:\/\/swissbakerytrophy.ch\/s\/wp-content\/uploads\/2024\/11\/Swiss-Bakery-Trophy-2024_Communique-de-presse.pdf\" target=\"_blank\" rel=\"noreferrer noopener\">Communiqu\u00e9 de presse<\/a>&nbsp;(PDF)<\/p>\n\n\n\n<h2 class=\"wp-block-heading\">Prochaine \u00e9dition du 28 octobre au 1er novembre 2027 \u00e0 Bulle<\/h2>\n\n\n\n<p>Renseignements:<\/p>\n\n\n\n<p>ARABPC<br>Catherine Oberson<br>T\u00e9l. 026 919 87 51<\/p>\n\n\n\n<div class=\"wp-block-buttons is-layout-flex wp-block-buttons-is-layout-flex\">\n<div class=\"wp-block-button\"><a class=\"wp-block-button__link wp-element-button\" href=\"mailto:info@lepain.ch\">info@lepain.ch<\/a><\/div>\n<\/div>\n\n\n\n<div style=\"height:100px\" aria-hidden=\"true\" class=\"wp-block-spacer\"><\/div>\n\n\n\n<div class=\"wp-block-media-text is-stacked-on-mobile is-image-fill-element\"><figure class=\"wp-block-media-text__media\"><img loading=\"lazy\" decoding=\"async\" width=\"819\" height=\"1024\" src=\"https:\/\/swissbakerytrophy.ch\/s\/wp-content\/uploads\/2024\/09\/image-819x1024.webp\" alt=\"\" class=\"wp-image-70 size-full\" style=\"object-position:50% 50%\" srcset=\"https:\/\/swissbakerytrophy.ch\/s\/wp-content\/uploads\/2024\/09\/image-819x1024.webp 819w, https:\/\/swissbakerytrophy.ch\/s\/wp-content\/uploads\/2024\/09\/image-240x300.webp 240w, https:\/\/swissbakerytrophy.ch\/s\/wp-content\/uploads\/2024\/09\/image.webp 1068w\" sizes=\"auto, (max-width: 819px) 100vw, 819px\" \/><\/figure><div class=\"wp-block-media-text__content\">\n<h3 class=\"wp-block-heading\">Distinction nationale de la boulangerie-p\u00e2tisserie-confiserie artisanale<\/h3>\n\n\n\n<p class=\"has-secondary-color has-text-color has-link-color wp-elements-91e19069e8dd586f88e0e6d1887c3415\">Richesse, cr\u00e9ativit\u00e9 et tradition<\/p>\n\n\n\n<p>Le 10e Swiss Bakery Trophy a livr\u00e9 ses mille et une saveurs du 30 octobre au 3 novembre 2024 \u00e0 Espace Gruy\u00e8re, \u00e0 Bulle (FR), dans le cadre enchanteur du Salon suisse des saveurs authentiques \u201cGo\u00fbts &amp; Terroirs\u201c. Le fil rouge et les garants de ce rendez-vous national de la boulangerie, p\u00e2tisserie, confiserie se sont articul\u00e9s sur trois axes\u2009: richesse, cr\u00e9ativit\u00e9 et tradition. Vitrine de la diversit\u00e9 des produits et sp\u00e9cialit\u00e9s confectionn\u00e9es dans notre pays, cette manifestation d\u2019envergure nationale est devenue le concours de r\u00e9f\u00e9rence pour les artisans boulangers, p\u00e2tissiers et confiseurs de Suisse. Quelque 45\u2019000 gourmets ont eu l\u2019occasion d\u2019appr\u00e9cier le dynamisme, la cr\u00e9ativit\u00e9 et la qualit\u00e9 de notre artisanat.<\/p>\n\n\n\n<p>Le meilleur produit de chaque cat\u00e9gorie (celui de la boulangerie, p\u00e2tisserie, confiserie et snack-traiteur qui obtiendra la plus haute moyenne g\u00e9n\u00e9rale) h\u00e9rite d\u2019un prix. Le prix \u201cBernhard Aebersold\u201c est attribu\u00e9 au produit jug\u00e9 le plus cr\u00e9atif par le comit\u00e9 d\u2019organisation. Enfin, des prix sont d\u00e9cern\u00e9s par canton. Ils r\u00e9compensent la meilleure entreprise de chaque canton qui obtiendra la plus haute moyenne des cinq produits pr\u00e9sent\u00e9s. Les experts ainsi que les consommateurs qui \u00e9valuent les sp\u00e9cialit\u00e9s font un commentaire pour chaque produit. Le rapport est ensuite envoy\u00e9 aux producteurs avec les r\u00e9sultats.<\/p>\n\n\n\n<p>Artisans boulangers, p\u00e2tissiers, confiseurs, ne manquez pas l\u2019occasion unique qui vous est offerte de mettre votre production en lumi\u00e8re! Pour ce faire, il vous suffit de faire parvenir vos sp\u00e9cialit\u00e9s pour les exposer. Les m\u00e9dailles d\u2019or, d\u2019argent et de bronze gagn\u00e9es au Swiss Bakery Trophy seront autant de solides supports publicitaires qui mettront en valeur vos produits, votre s\u00e9rieux et la qualit\u00e9 de votre labeur.<\/p>\n\n\n\n<p>Nous nous r\u00e9jouissons de votre participation au 11e Swiss Bakery Trophy en 2027, du 28 octobre au 1er novembre 2027.<\/p>\n<\/div><\/div>\n\n\n\n<div style=\"height:100px\" aria-hidden=\"true\" class=\"wp-block-spacer\"><\/div>\n\n\n\n<div class=\"wp-block-media-text has-media-on-the-right is-stacked-on-mobile is-image-fill-element\"><div class=\"wp-block-media-text__content\">\n<h2 class=\"wp-block-heading\">Un \u00e9v\u00e8nement organis\u00e9 par<\/h2>\n\n\n\n<figure class=\"wp-block-image\"><img decoding=\"async\" src=\"https:\/\/swissbakerytrophy.ch\/img\/400xNxlepain.png.pagespeed.ic.8MR-AiBjn5.webp\" alt=\"\"\/><\/figure>\n<\/div><figure class=\"wp-block-media-text__media\"><img loading=\"lazy\" decoding=\"async\" width=\"1024\" height=\"555\" src=\"https:\/\/swissbakerytrophy.ch\/s\/wp-content\/uploads\/2024\/09\/image-2-1024x555.jpeg\" alt=\"\" class=\"wp-image-73 size-full\" style=\"object-position:100% 50%\" srcset=\"https:\/\/swissbakerytrophy.ch\/s\/wp-content\/uploads\/2024\/09\/image-2-1024x555.jpeg 1024w, https:\/\/swissbakerytrophy.ch\/s\/wp-content\/uploads\/2024\/09\/image-2-300x163.jpeg 300w, https:\/\/swissbakerytrophy.ch\/s\/wp-content\/uploads\/2024\/09\/image-2-2000x1085.jpeg 2000w\" sizes=\"auto, (max-width: 1024px) 100vw, 1024px\" \/><\/figure><\/div>\n\n\n\n<div style=\"height:100px\" aria-hidden=\"true\" class=\"wp-block-spacer\"><\/div>\n\n\n\n<div class=\"wp-block-group has-global-padding is-layout-constrained wp-block-group-is-layout-constrained\">\n<h3 class=\"wp-block-heading\">Nos partenaires<\/h3>\n\n\n\n<div class=\"wp-block-group is-layout-flow wp-block-group-is-layout-flow\">\n<h2 class=\"wp-block-heading has-large-font-size\">Ils partagent nos passions et nous les remercions<\/h2>\n<\/div>\n<\/div>\n\n\n\n<div class=\"wp-block-columns is-layout-flex wp-container-core-columns-is-layout-28f84493 wp-block-columns-is-layout-flex\">\n<div class=\"wp-block-column is-layout-flow wp-block-column-is-layout-flow\">\n<figure class=\"wp-block-gallery has-nested-images columns-default is-cropped wp-block-gallery-1 is-layout-flex wp-block-gallery-is-layout-flex\">\n<figure class=\"wp-block-image\"><a href=\"https:\/\/www.fpe-ciga.ch\/\" target=\"_blank\" rel=\"noreferrer noopener\"><img decoding=\"async\" src=\"https:\/\/swissbakerytrophy.ch\/img\/partenaires\/xfpe.jpg.pagespeed.ic.Xr5YjO6c98.webp\" alt=\"F\u00e9d\u00e9ration Patronale et \u00c9conomique\" style=\"object-fit:cover\"\/><\/a><\/figure>\n\n\n\n<figure class=\"wp-block-image size-full\"><a href=\"https:\/\/www.gmsa.ch\/\" target=\"_blank\" rel=\"noreferrer noopener\"><img loading=\"lazy\" decoding=\"async\" width=\"1000\" height=\"1000\" data-id=\"242\" src=\"https:\/\/swissbakerytrophy.ch\/s\/wp-content\/uploads\/2024\/11\/gmsa.png\" alt=\"\" class=\"wp-image-242\" srcset=\"https:\/\/swissbakerytrophy.ch\/s\/wp-content\/uploads\/2024\/11\/gmsa.png 1000w, https:\/\/swissbakerytrophy.ch\/s\/wp-content\/uploads\/2024\/11\/gmsa-300x300.png 300w, https:\/\/swissbakerytrophy.ch\/s\/wp-content\/uploads\/2024\/11\/gmsa-150x150.png 150w\" sizes=\"auto, (max-width: 1000px) 100vw, 1000px\" \/><\/a><\/figure>\n\n\n\n<figure class=\"wp-block-image wp-container-content-69bc4bdf\"><a href=\"https:\/\/www.pistor.ch\/fr\/home\" target=\"_blank\" rel=\"noreferrer noopener\"><img decoding=\"async\" src=\"https:\/\/swissbakerytrophy.ch\/img\/partenaires\/xpistor.jpg.pagespeed.ic.9oh7r1jAS9.webp\" alt=\"Pistor\"\/><\/a><\/figure>\n<\/figure>\n<\/div>\n\n\n\n<div class=\"wp-block-column is-layout-flow wp-block-column-is-layout-flow\">\n<figure class=\"wp-block-gallery has-nested-images columns-default is-cropped wp-block-gallery-2 is-layout-flex wp-block-gallery-is-layout-flex\">\n<figure class=\"wp-block-image\"><a href=\"https:\/\/pitec.ch\/\" target=\"_blank\" rel=\"noreferrer noopener\"><img decoding=\"async\" src=\"https:\/\/swissbakerytrophy.ch\/img\/partenaires\/xpitec.jpg,qv3.pagespeed.ic.VOUKb0aC0f.webp\" alt=\"Pitec\"\/><\/a><\/figure>\n\n\n\n<figure class=\"wp-block-image\"><a href=\"https:\/\/www.swissbaker.ch\/\" target=\"_blank\" rel=\"noreferrer noopener\"><img decoding=\"async\" src=\"https:\/\/swissbakerytrophy.ch\/img\/partenaires\/xsbc.jpg.pagespeed.ic.30VULctbeu.webp\" alt=\"Boulangers-P\u00e2tissiers-Confiseurs suisses\"\/><\/a><\/figure>\n\n\n\n<figure class=\"wp-block-image\"><a href=\"https:\/\/www.safeatwork.ch\/fr\" target=\"_blank\" rel=\"noreferrer noopener\"><img decoding=\"async\" src=\"https:\/\/swissbakerytrophy.ch\/img\/partenaires\/xsafeatwork.jpg.pagespeed.ic.ejr8H7Z1Iq.webp\" alt=\"Safe At Work\"\/><\/a><\/figure>\n<\/figure>\n<\/div>\n<\/div>\n\n\n\n<div style=\"height:100px\" aria-hidden=\"true\" class=\"wp-block-spacer\"><\/div>\n\n\n\n<p><\/p>\n","protected":false},"excerpt":{"rendered":"<p>Les meilleurs artisans boulangers-p\u00e2tissiers-confiseurs suisses r\u00e9compens\u00e9s La 10\u00e8me \u00e9dition du Swiss Bakery Trophy s&rsquo;est d\u00e9roul\u00e9e du 30 octobre au 3 novembre 2024 \u00e0 Espace Gruy\u00e8re, \u00e0 Bulle (FR). Ce concours national r\u00e9compense la cr\u00e9ativit\u00e9, l\u2019originalit\u00e9 et le savoir-faire de l\u2019artisan. Pour un boulanger-p\u00e2tissier-confiseur, une m\u00e9daille au Swiss Bakery Trophy est la plus haute distinction qu\u2019il &hellip; <\/p>\n<p class=\"link-more\"><a href=\"https:\/\/swissbakerytrophy.ch\/s\/\" class=\"more-link\">Lire la suite de<span class=\"screen-reader-text\">\u00ab\u00a0L&rsquo;\u00e9v\u00e9nement national de la boulangerie-p\u00e2tisserie-confiserie artisanale\u00a0\u00bb<\/span><\/a><\/p>\n","protected":false},"author":1,"featured_media":7,"parent":0,"menu_order":0,"comment_status":"closed","ping_status":"closed","template":"","meta":{"footnotes":""},"class_list":["post-52","page","type-page","status-publish","has-post-thumbnail","hentry"],"_links":{"self":[{"href":"https:\/\/swissbakerytrophy.ch\/s\/wp-json\/wp\/v2\/pages\/52","targetHints":{"allow":["GET"]}}],"collection":[{"href":"https:\/\/swissbakerytrophy.ch\/s\/wp-json\/wp\/v2\/pages"}],"about":[{"href":"https:\/\/swissbakerytrophy.ch\/s\/wp-json\/wp\/v2\/types\/page"}],"author":[{"embeddable":true,"href":"https:\/\/swissbakerytrophy.ch\/s\/wp-json\/wp\/v2\/users\/1"}],"replies":[{"embeddable":true,"href":"https:\/\/swissbakerytrophy.ch\/s\/wp-json\/wp\/v2\/comments?post=52"}],"version-history":[{"count":29,"href":"https:\/\/swissbakerytrophy.ch\/s\/wp-json\/wp\/v2\/pages\/52\/revisions"}],"predecessor-version":[{"id":246,"href":"https:\/\/swissbakerytrophy.ch\/s\/wp-json\/wp\/v2\/pages\/52\/revisions\/246"}],"wp:featuredmedia":[{"embeddable":true,"href":"https:\/\/swissbakerytrophy.ch\/s\/wp-json\/wp\/v2\/media\/7"}],"wp:attachment":[{"href":"https:\/\/swissbakerytrophy.ch\/s\/wp-json\/wp\/v2\/media?parent=52"}],"curies":[{"name":"wp","href":"https:\/\/api.w.org\/{rel}","templated":true}]}}